t - 20, 3*t + 2*z + 17 = -6. What is the units digit of k(t)?
6
Suppose 451*o - 2760 = 446*o. What is the hundreds digit of o?
5
Suppose -1 + 5 = -o. Let i be (-6)/(-4) + 6/o. What is the units digit of 12 - (2 + i/(-1))?
0
What is the hundreds digit of 2/((-6)/(-876)*2)?
1
Suppose -3*h + 1503 + 1791 = 0. Let r = 62 + -71. What is the tens digit of -4*(h/8)/r?
6
Let s(f) = 4*f**3 + 4*f**2 - 17*f + 189. What is the thousands digit of s(6)?
1
Let n(t) = 7*t**3 - 3*t**2 - 16*t - 5. What is the hundreds digit of n(5)?
7
Let l(m) = 69*m**2 - 1. Let b be l(3). Let d = b + -423. What is the hundreds digit of d?
1
Suppose 21525 = 38*r + 3*r. What is the hundreds digit of r?
5
Let c = -1950 - -4935. What is the hundreds digit of c?
9
Let p be -2*((-6)/(-15))/((-8)/(-10)). What is the units digit of -3*23*(p - 1/(-3))?
6
Suppose 695 = -5*p - 4*g + 177, 3*p + 4*g = -306. Let n = 2 - p. What is the tens digit of n?
0
What is the hundreds digit of (348/(-20))/((-2)/110)?
9
Let x(p) = -5 - 6*p + 0*p**2 + 12 + 13*p + 3*p**2. What is the units digit of x(-6)?
3
Suppose -2*x = 9*q - 10*q - 20, 3*q = -x - 95. What is the hundreds digit of 1144/6 - q/(-45)?
1
Let w(m) be the second derivative of m**4/6 + m**3 + m. Let k be 3*((-595)/408 + (-1)/(-8)). What is the units digit of w(k)?
8
Suppose 975 - 303 = 6*i. Let p = i + 4. What is the tens digit of p?
1
Let g(q) = 74*q + 4. Let r(s) = -150*s - 7. Let p(v) = -5*g(v) - 3*r(v). What is the tens digit of p(2)?
6
Let z = -7 - -10. Suppose -2*q + 7*q - 76 = 3*f, -5*q - z*f = -64. Suppose -q = -2*x + 16. What is the units digit of x?
5
Suppose -p + 751 = -2143. What is the tens digit of p?
9
Suppose -10*z + 2449 = -7721. What is the units digit of z?
7
Suppose q = -q + 12. Suppose m = -4*w + 14, 4*m - q = m. Suppose -w*t + 12 + 49 = z, -216 = -4*z + 2*t. What is the tens digit of z?
5
Let r(b) be the third derivative of -b**5/60 + b**4/4 + 7*b**3/6 - 5*b**2. Let y be r(6). What is the units digit of 404/7 + 2/y?
8
Let v(t) be the third derivative of -t**5/60 + 5*t**4/24 + t**3/2 - 2*t**2. Let u = 5 + -1. What is the units digit of v(u)?
7
Suppose -57 - 61 = 2*c. Let l be 4 + (-3 - (-3 + 7 - -34)). Let n = l - c. What is the units digit of n?
2
Let s be (10/12)/(4/24). Suppose 2*f = 5*n - 26, s*f = 5*n - 65 - 0. Let j(r) = r**3 + 13*r**2 - 2*r - 3. What is the units digit of j(f)?
3
Suppose 7*q - 744 = -q. Suppose -6*t = -3*t + 15, 2*l = -t + q. What is the units digit of l?
9
Let k = 43 - 40. What is the tens digit of (3 - -13) + k/1?
1
Suppose -2*o = 2*t + 186, -38*t + 101 = -39*t + o. Suppose 2*n = 10, -b - 4*b + 5*n = -655. Let g = t + b. What is the tens digit of g?
3
Suppose -2*o + 463 = -719. What is the units digit of o?
1
What is the units digit of (-6014)/(-6) + 16/(-48)?
2
Suppose 0 = 5*d + y + 281 + 84, 0 = d + 4*y + 92. Let p = d + 126. What is the tens digit of p?
5
Let t be ((-72)/(-20))/((-3)/(-80)). Suppose -2*j - 4 = 0, 3*k = 4*k + 4*j - t. What is the hundreds digit of k?
1
Let m(w) be the first derivative of -w**6/360 - w**5/120 + 13*w**4/24 - 5*w**3/3 - 6. Let d(b) be the third derivative of m(b). What is the units digit of d(0)?
3
Let o = 64 - -252. What is the tens digit of o?
1
Let o(g) = 17*g + 8. Let x be o(5). Suppose -2*h = 2*h - 5*q - x, -3*q = -5*h + 113. What is the tens digit of h?
2
Let g(j) = j + 2. Let r(i) = 1. Let p(s) = -3*g(s) + 7*r(s). Let d be p(4). Let m(y) = -5*y - 9. What is the tens digit of m(d)?
4
Let i be ((-3)/6)/((-2)/20). Suppose -i*t - 3 = 7. Let q(r) = -5*r + 4. What is the tens digit of q(t)?
1
Let o = 320 - 229. What is the tens digit of o?
9
Let s be 14/(-105) - (-403)/(-15). Let d = s + 74. Suppose 5*p = 78 + d. What is the tens digit of p?
2
Let n(i) = -2*i**3 + 24*i**2 - 39*i + 1. What is the hundreds digit of n(8)?
2
Let o = -104 - -103. What is the units digit of (-1)/o*(-24 - -25)?
1
Let t be (-1)/(-3 + 40/14). Let r(w) = -w**3 + 9*w**2 - 7*w + 15. What is the units digit of r(t)?
4
Let g = 848 - 563. What is the units digit of g?
5
Let w(h) = h**2 - 2*h - 21. Let i be w(-7). What is the tens digit of 6/(-14) - (-6150)/i?
4
Let b = -455 - -488. What is the units digit of b?
3
Let a = 57 + 93. Suppose 2*j = a + 30. What is the units digit of j?
0
Let t = 1 + 3. Suppose 4*b + 2*v - 3 = 3, -4 = t*v. What is the units digit of b/3 - (-448)/21?
2
Suppose 7*g - 9*g - 15068 = -4*a, -11291 = -3*a - g. What is the tens digit of a?
6
Suppose 12*a + 59 = 1187. What is the units digit of a?
4
Let z = 23 + -12. Let v be 16*(114/56 + (-6)/21). Suppose -v = 9*t - z*t. What is the tens digit of t?
1
Let g(p) = -p**2 + p - p**2 + 8 + p**3 - 9*p**2 + 4*p**2. Let i be g(7). Let t = 24 - i. What is the units digit of t?
9
Let t(k) = -k**2 - 11*k + 4. Let q be t(-10). Let r be q/6*45/(-15). Let s(d) = -8*d - 17. What is the tens digit of s(r)?
3
What is the hundreds digit of (263 + 0 + 4)*78/13?
6
What is the thousands digit of -9 + 2 + (-3 - 2)*-486?
2
Let f = 932 - 554. Suppose -4*k + f = 3*k. What is the tens digit of k?
5
Let q be -1 + 7 - (3 - 4). Let c = q - 3. What is the units digit of (2 + (-2 - -5))*c?
0
Let h = -12 + 14. What is the tens digit of ((-61)/h)/(10/(-20))?
6
Let o be (-23)/7 - (-2)/7. Let i = -3 + o. What is the units digit of 69/9 + i/9?
7
Let p(y) = -y + 2. Suppose 7 = -5*a + 3*v - 11, 0 = 3*v + 12. What is the units digit of p(a)?
8
Let d be 644/112 + 10/8. Let x = d + 67. What is the tens digit of x?
7
Suppose 8*q - 4*q = -g + 20, -4*g + 4*q = -20. Let c(d) = d - 3. Let o be c(g). Suppose -127 = -o*r - 3*t + 11, 78 = 3*r - 3*t. What is the tens digit of r?
2
Suppose 47*a - 58*a + 451 = 0. What is the units digit of a?
1
Let n(h) = -h**3 + 12*h**2 - 8*h - 25. Let c be n(11). Suppose 318 = -c*a + 14*a. What is the tens digit of a?
5
Suppose 0 = -2*g + 2*r + 56, 2*g + 5*r + 0 = 56. Suppose 31*a - g*a - 876 = 0. What is the tens digit of a?
9
What is the tens digit of -4 + 5 + (-219)/(-3)?
7
Let p(b) = b**2 - 6*b + 2. Suppose 2*l - 9 = 1. Let x be p(l). What is the tens digit of (-9)/6*26/x?
1
Let h(o) = -61*o + 148. What is the tens digit of h(-40)?
8
Suppose -5*b - 381 = -2*j, 10*b + 990 = 5*j + 5*b. What is the units digit of j?
3
Suppose -2*g + 7 + 1 = 0. Suppose -2*d = g*d. Suppose d = 4*q - q - 72. What is the units digit of q?
4
Let d(n) = n + 1. Let r(i) = 15*i + 11. Let q(m) = -7*m - 5. Let j(x) = -5*q(x) - 2*r(x). Let u(k) = 4*d(k) - j(k). What is the units digit of u(-8)?
9
Let w = 2 - 2. Let p be (0 + -1 - w)*-10. Let u(o) = o**3 - 8*o**2 - 12*o - 12. What is the tens digit of u(p)?
6
Suppose 3*c - 3470 = -5*r, 3*c - 2909 - 565 = -3*r. What is the tens digit of c?
6
Let a be (-6 + 4 + 10)*120. Suppose 11*t = 6*t + a. Suppose w + 3*w = t. What is the tens digit of w?
4
Suppose -10*o + 13*o - 3913 = 5*y, -4*o + 5169 = 3*y. What is the thousands digit of o?
1
Let h = -3 - -1. Let d be (1 + h - 2) + 28. Let q = 4 + d. What is the tens digit of q?
2
Suppose -92*g - 2374 = -n - 94*g, 4*g - 9512 = -4*n. What is the units digit of n?
2
Suppose 55*p = 55066 + 110374. What is the units digit of p?
8
Let h = -31 - -49. What is the tens digit of 17 - (h/22 + 4/22)?
1
Suppose 0 = 2*q + 4*a + 2, 4*q - 20 = -0*q - 2*a. Let p(l) be the third derivative of l**5/60 - l**4/8 + 5*l**3/6 + 109*l**2. What is the tens digit of p(q)?
3
Let o(b) = 9*b**3 - 2*b**2 + 13*b + 17. What is the hundreds digit of o(4)?
6
Suppose 2*l - 10 + 18 = 0. Let r be 11416/40 - l/(-10). Suppose -2 = -7*v + r. What is the units digit of v?
1
Suppose 14549 = 18*n - 9571. What is the units digit of n?
0
Suppose i + 5*m = -16, -m - 10 = -4*i + 10. Let g = i + 1. What is the units digit of (116/g)/((-24)/(-60))?
8
Let y(p) = 61*p + 968. What is the tens digit of y(19)?
2
Let x = 1175 + -667. What is the units digit of x?
8
Let z = 42 + -39. Let c(f) = 3*f - 2. Let t be c(3). Let a = z + t. What is the units digit of a?
0
Suppose 0 = -5*k - 4*c + 244, -k + 0*k - 3*c + 51 = 0. Let b = 80 - k. What is the units digit of b?
2
Let x(f) = f**3 + 6*f**2 - 5*f - 6. Let v be x(-6). Suppose v = -n + 122. What is the units digit of n?
8
Let p(j) = j**3 - 26*j**2 + 41*j - 128. What is the tens digit of p(29)?
8
Let t(w) = -79*w + 5. What is the hundreds digit of t(-2)?
1
Let a = -1661 + 2893. What i